{"id":2021,"date":"2011-01-05T16:23:53","date_gmt":"2011-01-05T18:23:53","guid":{"rendered":"https:\/\/www.atins.me\/?page_id=2021"},"modified":"2016-04-01T12:39:10","modified_gmt":"2016-04-01T15:39:10","slug":"vida-da-praia","status":"publish","type":"page","link":"https:\/\/www.atins.me\/pt-br\/vida-da-praia\/","title":{"rendered":"Vida da Praia"},"content":{"rendered":"<p>Atins vida da praia se apresenta numa abrangente \u00e1rea deserta que se estende em incont\u00e1veis quil\u00f3metros dentro do Parque Nacional de Len\u00e7\u00f3is Maranhenses. Mas esta n\u00e3o \u00e9 uma t\u00edpica praia de coqueiros. Apesar das areias brancas e finas a frente da praia \u00e9 caracterizada por sinuosas dunas de areia e tem bastante vento na esta\u00e7\u00e3o de seca que \u00e9 de Julho a Dezembro. Entretanto, h\u00e1 um n\u00famero de barracas de praia em Atins que fornecem abrigo do sol e do vento e oferecem bebidas frias e almo\u00e7os saborosos, no entanto lembre-se de levar protetor solar e manter hidratado.<\/p>\n<p>Ficar no vilarejo, relaxando com um bom livro e uma rede tamb\u00e9m \u00e9 uma boa op\u00e7\u00e3o. A brisa constante faz a vida mais prazerosa ainda quando esta na pregui\u00e7a!<\/p>\n<p><a href=\"https:\/\/www.atins.me\/wp-content\/uploads\/2011\/01\/IMG_7042_952x476.jpg\"><img decoding=\"async\" loading=\"lazy\" class=\"alignnone wp-image-10743 size-full\" src=\"https:\/\/www.atins.me\/wp-content\/uploads\/2011\/01\/IMG_7042_952x476.jpg\" alt=\"Vida da praia\" width=\"952\" height=\"476\" srcset=\"https:\/\/www.atins.me\/wp-content\/uploads\/2011\/01\/IMG_7042_952x476.jpg 952w, https:\/\/www.atins.me\/wp-content\/uploads\/2011\/01\/IMG_7042_952x476-300x150.jpg 300w\" sizes=\"(max-width: 952px) 100vw, 952px\" \/><\/a><\/p>\n","protected":false},"excerpt":{"rendered":"<p>Atins vida da praia se apresenta numa abrangente \u00e1rea deserta que se estende em incont\u00e1veis quil\u00f3metros dentro do Parque Nacional de Len\u00e7\u00f3is Maranhenses. Mas esta n\u00e3o \u00e9 uma t\u00edpica praia de coqueiros. Apesar das areias brancas e finas a frente da praia \u00e9 caracterizada por sinuosas dunas de areia e tem bastante vento na esta\u00e7\u00e3o\u2026<\/p>\n","protected":false},"author":2,"featured_media":10748,"parent":0,"menu_order":4,"comment_status":"open","ping_status":"open","template":"","meta":{"_mi_skip_tracking":false,"_monsterinsights_sitenote_active":false,"_monsterinsights_sitenote_note":"","_monsterinsights_sitenote_category":0,"footnotes":""},"yoast_head":"<!-- This site is optimized with the Yoast SEO plugin v21.0 - https:\/\/yoast.com\/wordpress\/plugins\/seo\/ -->\n<title>A vida da praia em Atins no litoral dos Len\u00e7\u00f3is Maranhenses<\/title>\n<meta name=\"description\" content=\"Atins vida da praia se estende em incont\u00e1veis quil\u00f3metros dentro do Parque Nacional de Len\u00e7\u00f3is Maranhenses. As arreias se apresentam branco e fino.\" \/>\n<meta name=\"robots\" content=\"index, follow, max-snippet:-1, max-image-preview:large, max-video-preview:-1\" \/>\n<link rel=\"canonical\" href=\"https:\/\/www.atins.me\/pt-br\/vida-da-praia\/\" \/>\n<meta property=\"og:locale\" content=\"pt_PT\" \/>\n<meta property=\"og:type\" content=\"article\" \/>\n<meta property=\"og:title\" content=\"A vida da praia em Atins no litoral dos Len\u00e7\u00f3is Maranhenses\" \/>\n<meta property=\"og:description\" content=\"Atins vida da praia se estende em incont\u00e1veis quil\u00f3metros dentro do Parque Nacional de Len\u00e7\u00f3is Maranhenses. As arreias se apresentam branco e fino.\" \/>\n<meta property=\"og:url\" content=\"https:\/\/www.atins.me\/pt-br\/vida-da-praia\/\" \/>\n<meta property=\"og:site_name\" content=\"Atins\" \/>\n<meta property=\"article:publisher\" content=\"http:\/\/www.facebook.com\/conventoarcadia\" \/>\n<meta property=\"article:modified_time\" content=\"2016-04-01T15:39:10+00:00\" \/>\n<meta property=\"og:image\" content=\"https:\/\/www.atins.me\/wp-content\/uploads\/2011\/01\/IMG_7042_952x476.jpg\" \/>\n\t<meta property=\"og:image:width\" content=\"952\" \/>\n\t<meta property=\"og:image:height\" content=\"476\" \/>\n\t<meta property=\"og:image:type\" content=\"image\/jpeg\" \/>\n<meta name=\"twitter:card\" content=\"summary_large_image\" \/>\n<meta name=\"twitter:site\" content=\"@atinsme\" \/>\n<meta name=\"twitter:label1\" content=\"Est. reading time\" \/>\n\t<meta name=\"twitter:data1\" content=\"1 minute\" \/>\n<script type=\"application\/ld+json\" class=\"yoast-schema-graph\">{\"@context\":\"https:\/\/schema.org\",\"@graph\":[{\"@type\":\"WebPage\",\"@id\":\"https:\/\/www.atins.me\/pt-br\/vida-da-praia\/\",\"url\":\"https:\/\/www.atins.me\/pt-br\/vida-da-praia\/\",\"name\":\"A vida da praia em Atins no litoral dos Len\u00e7\u00f3is Maranhenses\",\"isPartOf\":{\"@id\":\"https:\/\/www.atins.me\/es\/#website\"},\"datePublished\":\"2011-01-05T18:23:53+00:00\",\"dateModified\":\"2016-04-01T15:39:10+00:00\",\"description\":\"Atins vida da praia se estende em incont\u00e1veis quil\u00f3metros dentro do Parque Nacional de Len\u00e7\u00f3is Maranhenses. As arreias se apresentam branco e fino.\",\"breadcrumb\":{\"@id\":\"https:\/\/www.atins.me\/pt-br\/vida-da-praia\/#breadcrumb\"},\"inLanguage\":\"pt\",\"potentialAction\":[{\"@type\":\"ReadAction\",\"target\":[\"https:\/\/www.atins.me\/pt-br\/vida-da-praia\/\"]}]},{\"@type\":\"BreadcrumbList\",\"@id\":\"https:\/\/www.atins.me\/pt-br\/vida-da-praia\/#breadcrumb\",\"itemListElement\":[{\"@type\":\"ListItem\",\"position\":1,\"name\":\"Home\",\"item\":\"https:\/\/www.atins.me\/pt-br\/\"},{\"@type\":\"ListItem\",\"position\":2,\"name\":\"Vida da Praia\"}]},{\"@type\":\"WebSite\",\"@id\":\"https:\/\/www.atins.me\/es\/#website\",\"url\":\"https:\/\/www.atins.me\/es\/\",\"name\":\"Atins\",\"description\":\"Len\u00e7\u00f3is Maranhenses\",\"potentialAction\":[{\"@type\":\"SearchAction\",\"target\":{\"@type\":\"EntryPoint\",\"urlTemplate\":\"https:\/\/www.atins.me\/es\/?s={search_term_string}\"},\"query-input\":\"required name=search_term_string\"}],\"inLanguage\":\"pt\"}]}<\/script>\n<!-- \/ Yoast SEO plugin. -->","yoast_head_json":{"title":"A vida da praia em Atins no litoral dos Len\u00e7\u00f3is Maranhenses","description":"Atins vida da praia se estende em incont\u00e1veis quil\u00f3metros dentro do Parque Nacional de Len\u00e7\u00f3is Maranhenses. As arreias se apresentam branco e fino.","robots":{"index":"index","follow":"follow","max-snippet":"max-snippet:-1","max-image-preview":"max-image-preview:large","max-video-preview":"max-video-preview:-1"},"canonical":"https:\/\/www.atins.me\/pt-br\/vida-da-praia\/","og_locale":"pt_PT","og_type":"article","og_title":"A vida da praia em Atins no litoral dos Len\u00e7\u00f3is Maranhenses","og_description":"Atins vida da praia se estende em incont\u00e1veis quil\u00f3metros dentro do Parque Nacional de Len\u00e7\u00f3is Maranhenses. As arreias se apresentam branco e fino.","og_url":"https:\/\/www.atins.me\/pt-br\/vida-da-praia\/","og_site_name":"Atins","article_publisher":"http:\/\/www.facebook.com\/conventoarcadia","article_modified_time":"2016-04-01T15:39:10+00:00","og_image":[{"width":952,"height":476,"url":"https:\/\/www.atins.me\/wp-content\/uploads\/2011\/01\/IMG_7042_952x476.jpg","type":"image\/jpeg"}],"twitter_card":"summary_large_image","twitter_site":"@atinsme","twitter_misc":{"Est. reading time":"1 minute"},"schema":{"@context":"https:\/\/schema.org","@graph":[{"@type":"WebPage","@id":"https:\/\/www.atins.me\/pt-br\/vida-da-praia\/","url":"https:\/\/www.atins.me\/pt-br\/vida-da-praia\/","name":"A vida da praia em Atins no litoral dos Len\u00e7\u00f3is Maranhenses","isPartOf":{"@id":"https:\/\/www.atins.me\/es\/#website"},"datePublished":"2011-01-05T18:23:53+00:00","dateModified":"2016-04-01T15:39:10+00:00","description":"Atins vida da praia se estende em incont\u00e1veis quil\u00f3metros dentro do Parque Nacional de Len\u00e7\u00f3is Maranhenses. As arreias se apresentam branco e fino.","breadcrumb":{"@id":"https:\/\/www.atins.me\/pt-br\/vida-da-praia\/#breadcrumb"},"inLanguage":"pt","potentialAction":[{"@type":"ReadAction","target":["https:\/\/www.atins.me\/pt-br\/vida-da-praia\/"]}]},{"@type":"BreadcrumbList","@id":"https:\/\/www.atins.me\/pt-br\/vida-da-praia\/#breadcrumb","itemListElement":[{"@type":"ListItem","position":1,"name":"Home","item":"https:\/\/www.atins.me\/pt-br\/"},{"@type":"ListItem","position":2,"name":"Vida da Praia"}]},{"@type":"WebSite","@id":"https:\/\/www.atins.me\/es\/#website","url":"https:\/\/www.atins.me\/es\/","name":"Atins","description":"Len\u00e7\u00f3is Maranhenses","potentialAction":[{"@type":"SearchAction","target":{"@type":"EntryPoint","urlTemplate":"https:\/\/www.atins.me\/es\/?s={search_term_string}"},"query-input":"required name=search_term_string"}],"inLanguage":"pt"}]}},"jetpack_sharing_enabled":true,"_links":{"self":[{"href":"https:\/\/www.atins.me\/pt-br\/wp-json\/wp\/v2\/pages\/2021"}],"collection":[{"href":"https:\/\/www.atins.me\/pt-br\/wp-json\/wp\/v2\/pages"}],"about":[{"href":"https:\/\/www.atins.me\/pt-br\/wp-json\/wp\/v2\/types\/page"}],"author":[{"embeddable":true,"href":"https:\/\/www.atins.me\/pt-br\/wp-json\/wp\/v2\/users\/2"}],"replies":[{"embeddable":true,"href":"https:\/\/www.atins.me\/pt-br\/wp-json\/wp\/v2\/comments?post=2021"}],"version-history":[{"count":0,"href":"https:\/\/www.atins.me\/pt-br\/wp-json\/wp\/v2\/pages\/2021\/revisions"}],"wp:featuredmedia":[{"embeddable":true,"href":"https:\/\/www.atins.me\/pt-br\/wp-json\/wp\/v2\/media\/10748"}],"wp:attachment":[{"href":"https:\/\/www.atins.me\/pt-br\/wp-json\/wp\/v2\/media?parent=2021"}],"curies":[{"name":"wp","href":"https:\/\/api.w.org\/{rel}","templated":true}]}}

<p>Atins vida da praia se apresenta numa abrangente área deserta que se estende em incontáveis quilómetros dentro do Parque Nacional de Lençóis Maranhenses. Mas esta não é uma típica praia de coqueiros. Apesar das areias brancas e finas a frente da praia é caracterizada por sinuosas dunas de areia e tem bastante vento na estação de seca que é de Julho a Dezembro. Entretanto, há um número de barracas de praia em Atins que fornecem abrigo do sol e do vento e oferecem bebidas frias e almoços saborosos, no entanto lembre-se de levar protetor solar e manter hidratado.</p>
<p>Ficar no vilarejo, relaxando com um bom livro e uma rede também é uma boa opção. A brisa constante faz a vida mais prazerosa ainda quando esta na preguiça!</p>
<p><a href="https://www.atins.me/wp-content/uploads/2011/01/IMG_7042_952x476.jpg"><img decoding="async" loading="lazy" class="alignnone wp-image-10743 size-full" src="https://www.atins.me/wp-content/uploads/2011/01/IMG_7042_952x476.jpg" alt="Vida da praia" width="952" height="476" srcset="https://www.atins.me/wp-content/uploads/2011/01/IMG_7042_952x476.jpg 952w, https://www.atins.me/wp-content/uploads/2011/01/IMG_7042_952x476-300x150.jpg 300w" sizes="(max-width: 952px) 100vw, 952px" /></a></p>

<p>Atins vida da praia se apresenta numa abrangente área deserta que se estende em incontáveis quilómetros dentro do Parque Nacional de Lençóis Maranhenses. Mas esta não é uma típica praia de coqueiros. Apesar das areias brancas e finas a frente da praia é caracterizada por sinuosas dunas de areia e tem bastante vento na estação…</p>

<!-- This site is optimized with the Yoast SEO plugin v21.0 - https://yoast.com/wordpress/plugins/seo/ -->
<title>A vida da praia em Atins no litoral dos Lençóis Maranhenses</title>
<meta name="description" content="Atins vida da praia se estende em incontáveis quilómetros dentro do Parque Nacional de Lençóis Maranhenses. As arreias se apresentam branco e fino." />
<meta name="robots" content="index, follow, max-snippet:-1, max-image-preview:large, max-video-preview:-1" />
<link rel="canonical" href="https://www.atins.me/pt-br/vida-da-praia/" />
<meta property="og:locale" content="pt_PT" />
<meta property="og:type" content="article" />
<meta property="og:title" content="A vida da praia em Atins no litoral dos Lençóis Maranhenses" />
<meta property="og:description" content="Atins vida da praia se estende em incontáveis quilómetros dentro do Parque Nacional de Lençóis Maranhenses. As arreias se apresentam branco e fino." />
<meta property="og:url" content="https://www.atins.me/pt-br/vida-da-praia/" />
<meta property="og:site_name" content="Atins" />
<meta property="article:publisher" content="http://www.facebook.com/conventoarcadia" />
<meta property="article:modified_time" content="2016-04-01T15:39:10+00:00" />
<meta property="og:image" content="https://www.atins.me/wp-content/uploads/2011/01/IMG_7042_952x476.jpg" />
	<meta property="og:image:width" content="952" />
	<meta property="og:image:height" content="476" />
	<meta property="og:image:type" content="image/jpeg" />
<meta name="twitter:card" content="summary_large_image" />
<meta name="twitter:site" content="@atinsme" />
<meta name="twitter:label1" content="Est. reading time" />
	<meta name="twitter:data1" content="1 minute" />
<script type="application/ld+json" class="yoast-schema-graph">{"@context":"https://schema.org","@graph":[{"@type":"WebPage","@id":"https://www.atins.me/pt-br/vida-da-praia/","url":"https://www.atins.me/pt-br/vida-da-praia/","name":"A vida da praia em Atins no litoral dos Lençóis Maranhenses","isPartOf":{"@id":"https://www.atins.me/es/#website"},"datePublished":"2011-01-05T18:23:53+00:00","dateModified":"2016-04-01T15:39:10+00:00","description":"Atins vida da praia se estende em incontáveis quilómetros dentro do Parque Nacional de Lençóis Maranhenses. As arreias se apresentam branco e fino.","breadcrumb":{"@id":"https://www.atins.me/pt-br/vida-da-praia/#breadcrumb"},"inLanguage":"pt","potentialAction":[{"@type":"ReadAction","target":["https://www.atins.me/pt-br/vida-da-praia/"]}]},{"@type":"BreadcrumbList","@id":"https://www.atins.me/pt-br/vida-da-praia/#breadcrumb","itemListElement":[{"@type":"ListItem","position":1,"name":"Home","item":"https://www.atins.me/pt-br/"},{"@type":"ListItem","position":2,"name":"Vida da Praia"}]},{"@type":"WebSite","@id":"https://www.atins.me/es/#website","url":"https://www.atins.me/es/","name":"Atins","description":"Lençóis Maranhenses","potentialAction":[{"@type":"SearchAction","target":{"@type":"EntryPoint","urlTemplate":"https://www.atins.me/es/?s={search_term_string}"},"query-input":"required name=search_term_string"}],"inLanguage":"pt"}]}</script>
<!-- / Yoast SEO plugin. -->

A vida da praia em Atins no litoral dos Lençóis Maranhenses

Atins vida da praia se estende em incontáveis quilómetros dentro do Parque Nacional de Lençóis Maranhenses. As arreias se apresentam branco e fino.

Lençóis Maranhenses
