{"id":1612,"date":"2011-01-05T15:57:22","date_gmt":"2011-01-05T17:57:22","guid":{"rendered":"https:\/\/www.atins.me\/?page_id=1612"},"modified":"2016-05-24T12:46:00","modified_gmt":"2016-05-24T15:46:00","slug":"a-regiao","status":"publish","type":"page","link":"https:\/\/www.atins.me\/pt-br\/a-regiao\/","title":{"rendered":"A regi\u00e3o"},"content":{"rendered":"<p>Atins, os Len\u00e7\u00f3is Maranhenses e o Estado do Maranh\u00e3o est\u00e3o localizados no extremo do Nordeste brasileiro. O turismo em grande escala n\u00e3o chegou ainda nessa regi\u00e3o, por\u00e9m o governo estadual est\u00e1 desenvolvendo a ind\u00fastria tur\u00edstica nos moldes de seu vizinho Cear\u00e1 cuja capital \u00e9 Fortaleza.<\/p>\n<p>A <a title=\"Rota das Emo\u00e7\u00f5es\" href=\"http:\/\/www.rotadasemocoes.com.br\/\" target=\"_blank\">Rota das Emo\u00e7\u00f5es<\/a> \u00e9 uma nova iniciativa tur\u00edstica lan\u00e7ada que conecta os pontos tur\u00edsticos costeiros dos Len\u00e7\u00f3is Maranhenses at\u00e9 Jericoacoara. Ao fazer este trajeto, que se estende ao longo dos tr\u00eas Estados &#8211; Maranh\u00e3o, Piau\u00ed e Cear\u00e1 &#8211; voc\u00ea acessa nada menos que tr\u00eas parques nacionais &#8211; Len\u00e7\u00f3is, Delta do Parna\u00edba e Parque Nacional de Jericoacoara.<\/p>\n","protected":false},"excerpt":{"rendered":"<p>Atins, os Len\u00e7\u00f3is Maranhenses e o Estado do Maranh\u00e3o est\u00e3o localizados no extremo do Nordeste brasileiro. O turismo em grande escala n\u00e3o chegou ainda nessa regi\u00e3o, por\u00e9m o governo estadual est\u00e1 desenvolvendo a ind\u00fastria tur\u00edstica nos moldes de seu vizinho Cear\u00e1 cuja capital \u00e9 Fortaleza. A Rota das Emo\u00e7\u00f5es \u00e9 uma nova iniciativa tur\u00edstica lan\u00e7ada\u2026<\/p>\n","protected":false},"author":2,"featured_media":5875,"parent":0,"menu_order":4,"comment_status":"open","ping_status":"closed","template":"template-region.php","meta":{"_mi_skip_tracking":false,"_monsterinsights_sitenote_active":false,"_monsterinsights_sitenote_note":"","_monsterinsights_sitenote_category":0,"footnotes":""},"yoast_head":"<!-- This site is optimized with the Yoast SEO plugin v21.0 - https:\/\/yoast.com\/wordpress\/plugins\/seo\/ -->\n<title>Atins Jeri \u00e9 o ponto inicial da Rota das Emo\u00e7\u00f5es<\/title>\n<meta name=\"description\" content=\"A Rota das Emo\u00e7\u00f5es \u00e9 uma nova iniciativa tur\u00edstica lan\u00e7ada que conecta os pontos tur\u00edsticos costeiros dos Len\u00e7\u00f3is Maranhenses at\u00e9 Jericoacoara.\" \/>\n<meta name=\"robots\" content=\"index, follow, max-snippet:-1, max-image-preview:large, max-video-preview:-1\" \/>\n<link rel=\"canonical\" href=\"https:\/\/www.atins.me\/pt-br\/a-regiao\/\" \/>\n<meta property=\"og:locale\" content=\"pt_PT\" \/>\n<meta property=\"og:type\" content=\"article\" \/>\n<meta property=\"og:title\" content=\"Atins Jeri \u00e9 o ponto inicial da Rota das Emo\u00e7\u00f5es\" \/>\n<meta property=\"og:description\" content=\"A Rota das Emo\u00e7\u00f5es \u00e9 uma nova iniciativa tur\u00edstica lan\u00e7ada que conecta os pontos tur\u00edsticos costeiros dos Len\u00e7\u00f3is Maranhenses at\u00e9 Jericoacoara.\" \/>\n<meta property=\"og:url\" content=\"https:\/\/www.atins.me\/pt-br\/a-regiao\/\" \/>\n<meta property=\"og:site_name\" content=\"Atins\" \/>\n<meta property=\"article:publisher\" content=\"http:\/\/www.facebook.com\/conventoarcadia\" \/>\n<meta property=\"article:modified_time\" content=\"2016-05-24T15:46:00+00:00\" \/>\n<meta property=\"og:image\" content=\"https:\/\/www.atins.me\/wp-content\/uploads\/2011\/01\/Rota-das-Emocoes-Logo.png\" \/>\n\t<meta property=\"og:image:width\" content=\"350\" \/>\n\t<meta property=\"og:image:height\" content=\"291\" \/>\n\t<meta property=\"og:image:type\" content=\"image\/png\" \/>\n<meta name=\"twitter:card\" content=\"summary_large_image\" \/>\n<meta name=\"twitter:site\" content=\"@atinsme\" \/>\n<meta name=\"twitter:label1\" content=\"Est. reading time\" \/>\n\t<meta name=\"twitter:data1\" content=\"1 minute\" \/>\n<script type=\"application\/ld+json\" class=\"yoast-schema-graph\">{\"@context\":\"https:\/\/schema.org\",\"@graph\":[{\"@type\":\"WebPage\",\"@id\":\"https:\/\/www.atins.me\/pt-br\/a-regiao\/\",\"url\":\"https:\/\/www.atins.me\/pt-br\/a-regiao\/\",\"name\":\"Atins Jeri \u00e9 o ponto inicial da Rota das Emo\u00e7\u00f5es\",\"isPartOf\":{\"@id\":\"https:\/\/www.atins.me\/es\/#website\"},\"datePublished\":\"2011-01-05T17:57:22+00:00\",\"dateModified\":\"2016-05-24T15:46:00+00:00\",\"description\":\"A Rota das Emo\u00e7\u00f5es \u00e9 uma nova iniciativa tur\u00edstica lan\u00e7ada que conecta os pontos tur\u00edsticos costeiros dos Len\u00e7\u00f3is Maranhenses at\u00e9 Jericoacoara.\",\"breadcrumb\":{\"@id\":\"https:\/\/www.atins.me\/pt-br\/a-regiao\/#breadcrumb\"},\"inLanguage\":\"pt\",\"potentialAction\":[{\"@type\":\"ReadAction\",\"target\":[\"https:\/\/www.atins.me\/pt-br\/a-regiao\/\"]}]},{\"@type\":\"BreadcrumbList\",\"@id\":\"https:\/\/www.atins.me\/pt-br\/a-regiao\/#breadcrumb\",\"itemListElement\":[{\"@type\":\"ListItem\",\"position\":1,\"name\":\"Home\",\"item\":\"https:\/\/www.atins.me\/pt-br\/\"},{\"@type\":\"ListItem\",\"position\":2,\"name\":\"A regi\u00e3o\"}]},{\"@type\":\"WebSite\",\"@id\":\"https:\/\/www.atins.me\/es\/#website\",\"url\":\"https:\/\/www.atins.me\/es\/\",\"name\":\"Atins\",\"description\":\"Len\u00e7\u00f3is Maranhenses\",\"potentialAction\":[{\"@type\":\"SearchAction\",\"target\":{\"@type\":\"EntryPoint\",\"urlTemplate\":\"https:\/\/www.atins.me\/es\/?s={search_term_string}\"},\"query-input\":\"required name=search_term_string\"}],\"inLanguage\":\"pt\"}]}<\/script>\n<!-- \/ Yoast SEO plugin. -->","yoast_head_json":{"title":"Atins Jeri \u00e9 o ponto inicial da Rota das Emo\u00e7\u00f5es","description":"A Rota das Emo\u00e7\u00f5es \u00e9 uma nova iniciativa tur\u00edstica lan\u00e7ada que conecta os pontos tur\u00edsticos costeiros dos Len\u00e7\u00f3is Maranhenses at\u00e9 Jericoacoara.","robots":{"index":"index","follow":"follow","max-snippet":"max-snippet:-1","max-image-preview":"max-image-preview:large","max-video-preview":"max-video-preview:-1"},"canonical":"https:\/\/www.atins.me\/pt-br\/a-regiao\/","og_locale":"pt_PT","og_type":"article","og_title":"Atins Jeri \u00e9 o ponto inicial da Rota das Emo\u00e7\u00f5es","og_description":"A Rota das Emo\u00e7\u00f5es \u00e9 uma nova iniciativa tur\u00edstica lan\u00e7ada que conecta os pontos tur\u00edsticos costeiros dos Len\u00e7\u00f3is Maranhenses at\u00e9 Jericoacoara.","og_url":"https:\/\/www.atins.me\/pt-br\/a-regiao\/","og_site_name":"Atins","article_publisher":"http:\/\/www.facebook.com\/conventoarcadia","article_modified_time":"2016-05-24T15:46:00+00:00","og_image":[{"width":350,"height":291,"url":"https:\/\/www.atins.me\/wp-content\/uploads\/2011\/01\/Rota-das-Emocoes-Logo.png","type":"image\/png"}],"twitter_card":"summary_large_image","twitter_site":"@atinsme","twitter_misc":{"Est. reading time":"1 minute"},"schema":{"@context":"https:\/\/schema.org","@graph":[{"@type":"WebPage","@id":"https:\/\/www.atins.me\/pt-br\/a-regiao\/","url":"https:\/\/www.atins.me\/pt-br\/a-regiao\/","name":"Atins Jeri \u00e9 o ponto inicial da Rota das Emo\u00e7\u00f5es","isPartOf":{"@id":"https:\/\/www.atins.me\/es\/#website"},"datePublished":"2011-01-05T17:57:22+00:00","dateModified":"2016-05-24T15:46:00+00:00","description":"A Rota das Emo\u00e7\u00f5es \u00e9 uma nova iniciativa tur\u00edstica lan\u00e7ada que conecta os pontos tur\u00edsticos costeiros dos Len\u00e7\u00f3is Maranhenses at\u00e9 Jericoacoara.","breadcrumb":{"@id":"https:\/\/www.atins.me\/pt-br\/a-regiao\/#breadcrumb"},"inLanguage":"pt","potentialAction":[{"@type":"ReadAction","target":["https:\/\/www.atins.me\/pt-br\/a-regiao\/"]}]},{"@type":"BreadcrumbList","@id":"https:\/\/www.atins.me\/pt-br\/a-regiao\/#breadcrumb","itemListElement":[{"@type":"ListItem","position":1,"name":"Home","item":"https:\/\/www.atins.me\/pt-br\/"},{"@type":"ListItem","position":2,"name":"A regi\u00e3o"}]},{"@type":"WebSite","@id":"https:\/\/www.atins.me\/es\/#website","url":"https:\/\/www.atins.me\/es\/","name":"Atins","description":"Len\u00e7\u00f3is Maranhenses","potentialAction":[{"@type":"SearchAction","target":{"@type":"EntryPoint","urlTemplate":"https:\/\/www.atins.me\/es\/?s={search_term_string}"},"query-input":"required name=search_term_string"}],"inLanguage":"pt"}]}},"jetpack_sharing_enabled":true,"_links":{"self":[{"href":"https:\/\/www.atins.me\/pt-br\/wp-json\/wp\/v2\/pages\/1612"}],"collection":[{"href":"https:\/\/www.atins.me\/pt-br\/wp-json\/wp\/v2\/pages"}],"about":[{"href":"https:\/\/www.atins.me\/pt-br\/wp-json\/wp\/v2\/types\/page"}],"author":[{"embeddable":true,"href":"https:\/\/www.atins.me\/pt-br\/wp-json\/wp\/v2\/users\/2"}],"replies":[{"embeddable":true,"href":"https:\/\/www.atins.me\/pt-br\/wp-json\/wp\/v2\/comments?post=1612"}],"version-history":[{"count":0,"href":"https:\/\/www.atins.me\/pt-br\/wp-json\/wp\/v2\/pages\/1612\/revisions"}],"wp:featuredmedia":[{"embeddable":true,"href":"https:\/\/www.atins.me\/pt-br\/wp-json\/wp\/v2\/media\/5875"}],"wp:attachment":[{"href":"https:\/\/www.atins.me\/pt-br\/wp-json\/wp\/v2\/media?parent=1612"}],"curies":[{"name":"wp","href":"https:\/\/api.w.org\/{rel}","templated":true}]}}

A região

<p>Atins, os Lençóis Maranhenses e o Estado do Maranhão estão localizados no extremo do Nordeste brasileiro. O turismo em grande escala não chegou ainda nessa região, porém o governo estadual está desenvolvendo a indústria turística nos moldes de seu vizinho Ceará cuja capital é Fortaleza.</p>
<p>A <a title="Rota das Emoções" href="http://www.rotadasemocoes.com.br/" target="_blank">Rota das Emoções</a> é uma nova iniciativa turística lançada que conecta os pontos turísticos costeiros dos Lençóis Maranhenses até Jericoacoara. Ao fazer este trajeto, que se estende ao longo dos três Estados &#8211; Maranhão, Piauí e Ceará &#8211; você acessa nada menos que três parques nacionais &#8211; Lençóis, Delta do Parnaíba e Parque Nacional de Jericoacoara.</p>

<p>Atins, os Lençóis Maranhenses e o Estado do Maranhão estão localizados no extremo do Nordeste brasileiro. O turismo em grande escala não chegou ainda nessa região, porém o governo estadual está desenvolvendo a indústria turística nos moldes de seu vizinho Ceará cuja capital é Fortaleza. A Rota das Emoções é uma nova iniciativa turística lançada…</p>

<!-- This site is optimized with the Yoast SEO plugin v21.0 - https://yoast.com/wordpress/plugins/seo/ -->
<title>Atins Jeri é o ponto inicial da Rota das Emoções</title>
<meta name="description" content="A Rota das Emoções é uma nova iniciativa turística lançada que conecta os pontos turísticos costeiros dos Lençóis Maranhenses até Jericoacoara." />
<meta name="robots" content="index, follow, max-snippet:-1, max-image-preview:large, max-video-preview:-1" />
<link rel="canonical" href="https://www.atins.me/pt-br/a-regiao/" />
<meta property="og:locale" content="pt_PT" />
<meta property="og:type" content="article" />
<meta property="og:title" content="Atins Jeri é o ponto inicial da Rota das Emoções" />
<meta property="og:description" content="A Rota das Emoções é uma nova iniciativa turística lançada que conecta os pontos turísticos costeiros dos Lençóis Maranhenses até Jericoacoara." />
<meta property="og:url" content="https://www.atins.me/pt-br/a-regiao/" />
<meta property="og:site_name" content="Atins" />
<meta property="article:publisher" content="http://www.facebook.com/conventoarcadia" />
<meta property="article:modified_time" content="2016-05-24T15:46:00+00:00" />
<meta property="og:image" content="https://www.atins.me/wp-content/uploads/2011/01/Rota-das-Emocoes-Logo.png" />
	<meta property="og:image:width" content="350" />
	<meta property="og:image:height" content="291" />
	<meta property="og:image:type" content="image/png" />
<meta name="twitter:card" content="summary_large_image" />
<meta name="twitter:site" content="@atinsme" />
<meta name="twitter:label1" content="Est. reading time" />
	<meta name="twitter:data1" content="1 minute" />
<script type="application/ld+json" class="yoast-schema-graph">{"@context":"https://schema.org","@graph":[{"@type":"WebPage","@id":"https://www.atins.me/pt-br/a-regiao/","url":"https://www.atins.me/pt-br/a-regiao/","name":"Atins Jeri é o ponto inicial da Rota das Emoções","isPartOf":{"@id":"https://www.atins.me/es/#website"},"datePublished":"2011-01-05T17:57:22+00:00","dateModified":"2016-05-24T15:46:00+00:00","description":"A Rota das Emoções é uma nova iniciativa turística lançada que conecta os pontos turísticos costeiros dos Lençóis Maranhenses até Jericoacoara.","breadcrumb":{"@id":"https://www.atins.me/pt-br/a-regiao/#breadcrumb"},"inLanguage":"pt","potentialAction":[{"@type":"ReadAction","target":["https://www.atins.me/pt-br/a-regiao/"]}]},{"@type":"BreadcrumbList","@id":"https://www.atins.me/pt-br/a-regiao/#breadcrumb","itemListElement":[{"@type":"ListItem","position":1,"name":"Home","item":"https://www.atins.me/pt-br/"},{"@type":"ListItem","position":2,"name":"A região"}]},{"@type":"WebSite","@id":"https://www.atins.me/es/#website","url":"https://www.atins.me/es/","name":"Atins","description":"Lençóis Maranhenses","potentialAction":[{"@type":"SearchAction","target":{"@type":"EntryPoint","urlTemplate":"https://www.atins.me/es/?s={search_term_string}"},"query-input":"required name=search_term_string"}],"inLanguage":"pt"}]}</script>
<!-- / Yoast SEO plugin. -->

Atins Jeri é o ponto inicial da Rota das Emoções

A Rota das Emoções é uma nova iniciativa turística lançada que conecta os pontos turísticos costeiros dos Lençóis Maranhenses até Jericoacoara.

Lençóis Maranhenses
