{"version":"1.0","provider_name":"Atins","provider_url":"https:\/\/www.atins.me\/de\/","author_name":"Olaf","author_url":"https:\/\/www.atins.me\/de\/author\/olaf\/","title":"Wildlife Photographer of the Year: Len\u00e7\u00f3is &ndash; Atins","type":"rich","width":600,"height":338,"html":"<blockquote class=\"wp-embedded-content\" data-secret=\"5nSBtPRMh6\"><a href=\"https:\/\/www.atins.me\/de\/wildlife-photographer-of-the-year-lencois\/\">Wildlife Photographer of the Year: Len\u00e7\u00f3is<\/a><\/blockquote><iframe sandbox=\"allow-scripts\" security=\"restricted\" src=\"https:\/\/www.atins.me\/de\/wildlife-photographer-of-the-year-lencois\/embed\/#?secret=5nSBtPRMh6\" width=\"600\" height=\"338\" title=\"&#8220;Wildlife Photographer of the Year: Len\u00e7\u00f3is&#8221; &#8212; Atins\" data-secret=\"5nSBtPRMh6\" frameborder=\"0\" marginwidth=\"0\" marginheight=\"0\" scrolling=\"no\" class=\"wp-embedded-content\"><\/iframe><script type=\"text\/javascript\">\n\/*! This file is auto-generated *\/\n!function(c,d){\"use strict\";var e=!1,o=!1;if(d.querySelector)if(c.addEventListener)e=!0;if(c.wp=c.wp||{},c.wp.receiveEmbedMessage);else if(c.wp.receiveEmbedMessage=function(e){var t=e.data;if(!t);else if(!(t.secret||t.message||t.value));else if(\/[^a-zA-Z0-9]\/.test(t.secret));else{for(var r,s,a,i=d.querySelectorAll('iframe[data-secret=\"'+t.secret+'\"]'),n=d.querySelectorAll('blockquote[data-secret=\"'+t.secret+'\"]'),o=new RegExp(\"^https?:$\",\"i\"),l=0;l<n.length;l++)n[l].style.display=\"none\";for(l=0;l<i.length;l++)if(r=i[l],e.source!==r.contentWindow);else{if(r.removeAttribute(\"style\"),\"height\"===t.message){if(1e3<(s=parseInt(t.value,10)))s=1e3;else if(~~s<200)s=200;r.height=s}if(\"link\"===t.message)if(s=d.createElement(\"a\"),a=d.createElement(\"a\"),s.href=r.getAttribute(\"src\"),a.href=t.value,!o.test(a.protocol));else if(a.host===s.host)if(d.activeElement===r)c.top.location.href=t.value}}},e)c.addEventListener(\"message\",c.wp.receiveEmbedMessage,!1),d.addEventListener(\"DOMContentLoaded\",t,!1),c.addEventListener(\"load\",t,!1);function t(){if(o);else{o=!0;for(var e,t,r,s=-1!==navigator.appVersion.indexOf(\"MSIE 10\"),a=!!navigator.userAgent.match(\/Trident.*rv:11\\.\/),i=d.querySelectorAll(\"iframe.wp-embedded-content\"),n=0;n<i.length;n++){if(!(r=(t=i[n]).getAttribute(\"data-secret\")))r=Math.random().toString(36).substr(2,10),t.src+=\"#?secret=\"+r,t.setAttribute(\"data-secret\",r);if(s||a)(e=t.cloneNode(!0)).removeAttribute(\"security\"),t.parentNode.replaceChild(e,t);t.contentWindow.postMessage({message:\"ready\",secret:r},\"*\")}}}}(window,document);\n<\/script>\n","thumbnail_url":"https:\/\/www.atins.me\/wp-content\/uploads\/2015\/10\/Blog3.jpg","thumbnail_width":952,"thumbnail_height":368,"description":"The Natural History Museum London awarded the prestigious annual Wildlife Photographer of the Year awards. In the category of young talent, French world traveler Jonathan Jagot (17 years) won the price with his entry taken not in our beloved Len\u00e7\u00f3is Maranhenses, but the nearby Ilha dos Len\u00e7\u00f3is. The red (or scarlet) ibis, Guar\u00e1 in Portuguese,\u2026"}

Wildlife Photographer of the Year: Lençóis &ndash; Atins

<blockquote class="wp-embedded-content" data-secret="5nSBtPRMh6"><a href="https://www.atins.me/de/wildlife-photographer-of-the-year-lencois/">Wildlife Photographer of the Year: Lençóis</a></blockquote><iframe sandbox="allow-scripts" security="restricted" src="https://www.atins.me/de/wildlife-photographer-of-the-year-lencois/embed/#?secret=5nSBtPRMh6" width="600" height="338" title="&#8220;Wildlife Photographer of the Year: Lençóis&#8221; &#8212; Atins" data-secret="5nSBtPRMh6" frameborder="0" marginwidth="0" marginheight="0" scrolling="no" class="wp-embedded-content"></iframe><script type="text/javascript">
/*! This file is auto-generated */
!function(c,d){"use strict";var e=!1,o=!1;if(d.querySelector)if(c.addEventListener)e=!0;if(c.wp=c.wp||{},c.wp.receiveEmbedMessage);else if(c.wp.receiveEmbedMessage=function(e){var t=e.data;if(!t);else if(!(t.secret||t.message||t.value));else if(/[^a-zA-Z0-9]/.test(t.secret));else{for(var r,s,a,i=d.querySelectorAll('iframe[data-secret="'+t.secret+'"]'),n=d.querySelectorAll('blockquote[data-secret="'+t.secret+'"]'),o=new RegExp("^https?:$","i"),l=0;l<n.length;l++)n[l].style.display="none";for(l=0;l<i.length;l++)if(r=i[l],e.source!==r.contentWindow);else{if(r.removeAttribute("style"),"height"===t.message){if(1e3<(s=parseInt(t.value,10)))s=1e3;else if(~~s<200)s=200;r.height=s}if("link"===t.message)if(s=d.createElement("a"),a=d.createElement("a"),s.href=r.getAttribute("src"),a.href=t.value,!o.test(a.protocol));else if(a.host===s.host)if(d.activeElement===r)c.top.location.href=t.value}}},e)c.addEventListener("message",c.wp.receiveEmbedMessage,!1),d.addEventListener("DOMContentLoaded",t,!1),c.addEventListener("load",t,!1);function t(){if(o);else{o=!0;for(var e,t,r,s=-1!==navigator.appVersion.indexOf("MSIE 10"),a=!!navigator.userAgent.match(/Trident.*rv:11\./),i=d.querySelectorAll("iframe.wp-embedded-content"),n=0;n<i.length;n++){if(!(r=(t=i[n]).getAttribute("data-secret")))r=Math.random().toString(36).substr(2,10),t.src+="#?secret="+r,t.setAttribute("data-secret",r);if(s||a)(e=t.cloneNode(!0)).removeAttribute("security"),t.parentNode.replaceChild(e,t);t.contentWindow.postMessage({message:"ready",secret:r},"*")}}}}(window,document);
</script>

The Natural History Museum London awarded the prestigious annual Wildlife Photographer of the Year awards. In the category of young talent, French world traveler Jonathan Jagot (17 years) won the price with his entry taken not in our beloved Lençóis Maranhenses, but the nearby Ilha dos Lençóis. The red (or scarlet) ibis, Guará in Portuguese,…
